 p = c + b. Determine k(p).
-1
Let w(t) = 60*t**2 - 6*t + 2. Let r be w(1). Let l = 62 - r. Let i(p) = p**3 - 7*p**2 + 4*p + 5. Determine i(l).
-7
Let m(w) = 33*w - 126. Let t(i) = -1031*i - 5151. Let y be t(-5). Calculate m(y).
6
Let a(g) be the second derivative of 2*g + 4/3*g**3 + 1/2*g**2 - 5 + 1/12*g**4. Determine a(-7).
-6
Let k(b) = 6*b**3 - b + 2. Suppose 288*p + 25 = 5*j + 284*p, -2*j - p = 3. Calculate k(j).
7
Let c(a) be the third derivative of 0*a**4 + 0*a + 0 + 1/3*a**3 - 1/15*a**5 - 1/120*a**6 - 125*a**2. Calculate c(-4).
2
Let b(k) = 13*k**2 - 2*k - 3. Let a(h) = -4*h**2 + h + 1. Let i(y) = -6*a(y) - 2*b(y). Let p = -7 + 4. Calculate i(p).
-12
Let b(j) = j**2 - j + 10. Let s be ((-49)/14 - -1)*12/(-10). Let c be s*35/21 - 5. Calculate b(c).
10
Let s(c) = -311843*c**2 - 6 + 2*c**3 + 311824*c**2 + 15 + 9*c + 0*c. Give s(9).
9
Let h = -1884 + 1878. Let x(f) = -f**2 - 3*f + 31. Calculate x(h).
13
Let d(c) = 4*c - 9. Let t(m) = m**3 - 8*m**2 - 4*m + 47. Let v be t(8). Suppose k = 4*h - 39, -6*k + k - v = 0. What is d(h)?
27
Let o(d) = -3*d**3 - 43*d - 96. Let k be o(-2). Let a(p) = -p**2 + 14*p + 23. What is a(k)?
23
Let x = -330 - -574. Suppose 3*i + 403 = l, x = 5*i - 3*l + 917. Let z = i - -128. Let t(b) = b**2 + 8*b + 8. Determine t(z).
-4
Let r = -202 - -196. Let q(z) = 6*z**2 + 8*z + 1. Let h(u) = -7*u**2 - 9*u. Let t be ((-25)/(-3) - 10/(-15)) + -3. Let i(x) = t*q(x) + 5*h(x). Give i(r).
24
Suppose -19*n + 22 = -73. Let m(s) = s + 33. Let f(a) = -2*a - 98. Let h(y) = -6*f(y) - 17*m(y). What is h(n)?
2
Let v = 396 - 160. Let i(l) = l**3 + 115*l**2 + l + 117*l**2 - v*l**2. Give i(3).
-6
Let w(z) be the third derivative of -z**7/2520 + z**6/360 - z**5/60 - 35*z**4/24 - 4*z**2 + 2*z. Let q(n) be the second derivative of w(n). Calculate q(4).
-10
Suppose -t + 2*x + 14 = 0, 2*t + 16 = t - 4*x. Suppose 33 = -4*d - 3*p, -d = t*p + 20 - 2. Let o(b) = -b**2 - 4*b + 6. What is o(d)?
-6
Suppose -36 = -2*b - 20. Let t(r) = 3 + 10*r + b*r**2 - 1 - 120*r**3 + 119*r**3 - 4. Determine t(9).
7
Let s(m) be the first derivative of m**4/4 + 7*m**3/3 + 3*m**2/2 + 15*m - 9. Let g = 2743 - 2750. Calculate s(g).
-6
Suppose 3*r - 12 = -k, -2*k + 12 = 3*r + 3*k. Suppose 213*t = 215*t - r. Let s(n) = 7*n**2 - 10*n - 7 - 2*n**t - n**2 - 5*n**2. Calculate s(-9).
2
Let h be 1 + (0/(-10) - (0 - 2)). Let z(a) = -h*a**3 + 4 - 2 + a**2 + 10*a**3 - 5*a**3. Suppose p = 4*l + 10, -2*p + 2 = -4*l + 2*l. Determine z(p).
-10
Let j(c) = c - 3. Let h be (222/18 + -12)/((-1)/12). Let i(s) = 3*s - 9. Let b = 14 - 3. Let p(f) = b*j(f) + h*i(f). Determine p(6).
-3
Let i(v) be the first derivative of v**4/4 + 8*v**3/3 - 3*v**2/2 - 10*v + 6. Let d = -2253 - -2245. Give i(d).
14
Let z(l) = 16*l - 10. Let f(s) = -3*s + 2. Let n(y) = -11*f(y) - 2*z(y). Let i = -23824 + 23838. What is n(i)?
12
Suppose -9*n = -8*n - 2. Let t(g) = 33*g - 20*g - 3 - 9*g - g**n. Determine t(8).
-35
Let q(p) = 50*p - 10. Let y(h) = -63*h + 11. Let j(i) = -4*q(i) - 3*y(i). What is j(-5)?
62
Let v(x) = -2*x + 181. Let t be v(0). Suppose t = 7*h + 41. Let b(p) = p**2 + 2 - h + 11 + 6*p. Determine b(-7).
0
Let i(a) be the second derivative of 4*a**3/3 + 19*a**2/2 - 439*a. Determine i(-3).
-5
Let q(j) = 2*j**3 - 41*j**2 + 19*j + 27. Let n be q(20). Let a(h) = -24 + 23 - 6*h - h**3 - 37*h**2 + 45*h**2. What is a(n)?
6
Let j(x) = 2*x**2 + 8*x + 26. Let g(n) = 10*n**2 + 38*n + 132. Let a(r) = -2*g(r) + 11*j(r). What is a(-2)?
6
Let u = 23 + -19. Let v(d) = d**3 + 4*d**2 + 15*d + u*d**2 + 10 + d**2 - 5*d. Let p(f) = 2*f + 16. Let c be p(-12). Calculate v(c).
-6
Let n(v) = 10*v - 58*v**2 - 68 + 2 + 30*v**2 - 11 + 30*v**2. Determine n(4).
-5
Let k = 768686 - 768683. Let z(r) = -7*r**3 + 3*r**2 - 2*r + 1. Let i(f) = 10*f**3 - 5*f**2 + 3*f - 1. Let u(h) = -5*i(h) - 7*z(h). Give u(k).
4
Let s(a) = a**3 + 6*a**2 + 5*a + 11. Suppose 0 = -5*k - 4*t - 44 + 31, 4*k - t = -23. Determine s(k).
11
Let m(y) be the first derivative of -5*y**2/2 + 3*y + 2123. What is m(-11)?
58
Let q(w) = w**3 - 8*w**2 + 7*w - 6. Let j = 64 - 64. Suppose j = -9*i - i + 350. Let v = i - 28. What is q(v)?
-6
Let p(b) = -7*b**2 + 99*b - 19. Let q(r) = -20*r**2 + 279*r - 55. Let m(h) = -14*p(h) + 5*q(h). Determine m(6).
-27
Let m(s) be the third derivative of 17*s**5/60 + s**4/24 + s**3/3 - 471*s**2. Determine m(-2).
68
Let t(q) = -4*q**3 - 23*q**2 + q + 4. Let p(o) = -11*o**3 - 70*o**2 + 3*o + 10. Let x(m) = -5*p(m) + 14*t(m). Determine x(28).
-22
Let o(d) = 319581*d - 1 - 3 - 319593*d + 1 - d**2. Give o(-8).
29
Suppose -55*w + 24 = -57*w. Let g be (-5)/((-10)/w) - 0. Let x(r) = 3*r**2 + 2*r**2 - 11*r**3 + 4 - 8*r + 12*r**3. What is x(g)?
16
Let p(z) = -6*z**2 - 12*z - 8. Let s(v) = 8*v**2 + 10*v + 8. Let m(q) = 3*p(q) + 2*s(q). Determine m(-4).
24
Suppose 4*n = -2*c + 34, 4*c - 14*n - 33 = -15*n. Let p(d) = c*d - 3 - 1 + 3 + 0. Give p(-4).
-29
Let n(u) = u**2 + 0*u**2 - 7 + 9*u - 8*u + u + 5*u. Give n(9).
137
Let o(s) = 4*s**2 - s. Let t be (-3)/15 - 4/(-20). Suppose -27*m + 124 = 43. Suppose -5*y + 2*p - 12 = -y, t = -y + m*p - 13. Determine o(y).
5
Let b(y) be the second derivative of y**4/6 + 4*y**3/3 - 8*y**2 + 488*y + 1. Give b(-8).
48
Let n(u) = 5*u + 47. Suppose 4*i + 1153 - 1175 = 2*h, -5*i = 3*h - 44. Calculate n(i).
82
Let t(s) be the second derivative of -s**7/1260 + 7*s**6/360 + 3*s**5/40 + 19*s**4/12 + 135*s. Let w(c) be the third derivative of t(c). Determine w(8).
-7
Let s(b) = -12*b + 0*b**2 + 11*b + 3*b**2. Let v be ((-44)/(-8) + -2 + -3)*2. Suppose -h + q = 0, -2*h - v = 4*q + 11. Calculate s(h).
14
Let j(v) = 2*v**2 + 5*v - 3. Let r(q) = -q**2 - 5*q + 3. Let n(u) = 2*j(u) + 3*r(u). Let t = -4084 - -4090. What is n(t)?
9
Let d(q) = q**2 - 4*q. Let t(o) = -4*o**2 + 17*o + 30. Let l(v) = 5*v**2 - 18*v - 28. Let a(p) = 3*l(p) + 4*t(p). Let w be a(16). Calculate d(w).
0
Let d(w) = -55164*w - 17 + 18387*w + 18390*w + 18389*w. Suppose 0 = -2*b - 2*v + 20, 2*b - 5*b = -v - 18. Determine d(b).
-3
Let w be 2/(5/((-30)/(-12))). Let u(m) = 19*m**2 + 6. Let x(r) = -2*r**2 - 1. Let o(p) = w*u(p) + 6*x(p). Determine o(1).
7
Let k(m) = 60*m - 67. Let h(x) = -2845*x + 3150. Let d(l) = 2*h(l) + 95*k(l). What is d(6)?
-5
Suppose 2*t + 3*t + 5*s = 30, t - 3*s - 10 = 0. Suppose 13*c - 12 = t*c. Let m(l) = -c + 90*l - 45*l - l**2 - 42*l. What is m(3)?
-2
Let l(j) = -j**3 - 18*j**2 + 4*j - 29. Let w(h) = -h**3 - 16*h**2 + 4*h - 25. Let b(f) = -5*l(f) + 6*w(f). Calculate b(-7).
16
Let d be ((-24)/(-20))/(9/240). Suppose -3*z + d = 2*y + z, -4*y = -z - 19. Suppose -4*t = 2*t + y. Let j(k) = -9*k. Determine j(t).
9
Suppose 2*i + 3*r = 39 - 26, 3*i = 5*r - 9. Let b(q) = 742*q**2 + 4*q + 5*q**3 - 2*q - 744*q**i - 3*q. Calculate b(-1).
-6
Let a(s) be the second derivative of s**3 + 5*s**2 - 552*s. Determine a(6).
46
Let z(v) = -24 - 5*v + 6 + 6*v - 5*v. Let f(x) = -36*x - 80. Let r be f(-2). Give z(r).
14
Let c(x) = x**2 - 11*x + 23. Suppose 14*u - 69 - 6 - 37 = 0. Calculate c(u).
-1
Let j = 52 - 50. Suppose -3*l + j + 4 = 0. Let s(r) = -106*r + 5 - r**l - 15 + 105*r. Give s(0).
-10
Suppose 7*z + 13 = 41. Suppose 0 = 3*k + 4*u - 8, -2*k = -k + z*u. Let q(i) = i - 3*i**2 + 12 - k + 2*i**2 - 11. Give q(-4).
-23
Let k = 5164 - 5171. Let o(h) = -h**3 - 8*h**2 + 12*h + 21. Calculate o(k).
-112
Let d(j) = j**3 + 6*j**2 + 4. Suppose -24*r + 5*r + 2090 = 0. Suppose -18*b + 2 = r. Give d(b).
4
Let t(n) = -1 - 11*n**2 + 2*n**3 - 448*n + 441*n - 3 - 4. Let r(p) = -5*p**3 + 31*p**2 + 20*p + 23. Let x(q) = 3*r(q) + 8*t(q). Calculate x(-4).
5
Suppose 3*j = s + 6 + 5, 0 = -5*s + j - 41. Let v be -4 + (-2 - (-17 + s)). Let m(a) = -a**2 + 17*a + 38. Calculate m(v).
0
Let w(i) = -2*i - i**3 + 1 - 8 - 5*i**2 + 6*i**2 + 8 - 2*i**2. Let c(n) = -4*n**3 - 13*n**2 - 9*n + 7. Let a(g) = -c(g) + 5*w(g). Calculate a(8).
-10
Let d(z) = z**3 + z**2 + 5*z - 1. Let l(q) = 2*q**3 + 4*q**2 + 9*q + 1. Let s be 15/15*16/4. Let k(g) = s*l(g) - 9*d(g). Calculate k(6).
-5
Let c(u) = -u**2 + 7*u + 1. Let m(d) = 4*d - 33. Let w(q) = c(q) + m(q). Give w(9).
-14
Let m be (3/15)/(32/(-160)). Let j(o) = 12*o**2 + o - 2. Determine j(m).
9
Let m = 19 + -16. Let g(v) = -8*v**m + 7*v**2 + 5*v + 2 + 8*v**3 + v**3. Calculate g(-6).
8
Let r(n) = n**3 - 2*n**2 - 2*n + 3. Suppose 0 = 39*a + 7937 + 66